igit of 923847390?
7
What is the ten millions digit of 3471260750?
7
What is the thousands digit of 204404?
4
What is the hundreds digit of 1328958910?
9
What is the units digit of 142325085?
5
What is the hundred millions digit of 1130755171?
1
What is the ten thousands digit of 46833319?
3
What is the tens digit of 321761324?
2
What is the units digit of 3983272147?
7
What is the ten millions digit of 68230087?
6
What is the ten millions digit of 670237178?
7
What is the hundred thousands digit of 138525999?
5
What is the units digit of 207507103?
3
What is the thousands digit of 126674989?
4
What is the thousands digit of 2195644600?
4
What is the units digit of 111609753?
3
What is the units digit of 131013345?
5
What is the tens digit of 227881?
8
What is the thousands digit of 36203687?
3
What is the hundreds digit of 104861721?
7
What is the thousands digit of 160459476?
9
What is the thousands digit of 149235500?
5
What is the ten millions digit of 3214415678?
1
What is the hundreds digit of 140374057?
0
What is the units digit of 85457482?
2
What is the hundred thousands digit of 205150935?
1
What is the thousands digit of 166444279?
4
What is the thousands digit of 318470807?
0
What is the millions digit of 230881575?
0
What is the hundreds digit of 45695842?
8
What is the ten millions digit of 252862195?
5
What is the ten thousands digit of 436384454?
8
What is the hundred thousands digit of 58783068?
7
What is the tens digit of 450234111?
1
What is the hundred thousands digit of 145408548?
4
What is the hundred millions digit of 432674184?
4
What is the units digit of 69677067?
7
What is the hundreds digit of 25998236?
2
What is the hundreds digit of 296097854?
8
What is the thousands digit of 172325216?
5
What is the hundred thousands digit of 206926722?
9
What is the ten thousands digit of 54307815?
0
What is the thousands digit of 1485747633?
7
What is the units digit of 48737238?
8
What is the tens digit of 84333039?
3
What is the ten millions digit of 465654857?
6
What is the ten millions digit of 45097583?
4
What is the hundred thousands digit of 168187834?
1
What is the ten millions digit of 5867284755?
6
What is the millions digit of 190845054?
0
What is the units digit of 692270277?
7
What is the units digit of 17939776?
6
What is the hundreds digit of 8066483444?
4
What is the hundreds digit of 330060203?
2
What is the ten thousands digit of 68963429?
6
What is the ten millions digit of 2392138917?
9
What is the ten millions digit of 119951783?
1
What is the thousands digit of 447280529?
0
What is the tens digit of 1628527502?
0
What is the hundreds digit of 1134690804?
8
What is the hundred thousands digit of 78099525?
0
What is the hundred thousands digit of 162962420?
9
What is the hundred thousands digit of 1288140588?
1
What is the ten millions digit of 357878997?
5
What is the hundred thousands digit of 793802574?
8
What is the ten thousands digit of 98649970?
4
What is the units digit of 8790705?
5
What is the hundred thousands digit of 1438808712?
8
What is the ten millions digit of 31914670?
3
What is the hundreds digit of 4054979537?
5
What is the millions digit of 117298429?
7
What is the ten millions digit of 176091460?
7
What is the billions digit of 2461589473?
2
What is the hundred thousands digit of 220568517?
5
What is the units digit of 33862491?
1
What is the tens digit of 1003187387?
8
What is the tens digit of 752770930?
3
What is the hundreds digit of 145583366?
3
What is the thousands digit of 18503780?
3
What is the hundreds digit of 2346116924?
9
What is the tens digit of 521319517?
1
What is the millions digit of 226704818?
6
What is the hundreds digit of 533263985?
9
What is the thousands digit of 27116377?
6
What is the ten millions digit of 172230292?
7
What is the units digit of 94580004?
4
What is the thousands digit of 32773454?
3
What is the tens digit of 4646060436?
3
What is the thousands digit of 71788293?
8
What is the millions digit of 84731373?
4
What is the hundred thousands digit of 106832048?
8
What is the thousands digit of 49502151?
2
What is the ten millions digit of 98635094?
9
What is the units digit of 859133729?
9
What is the thousands digit of 414531263?
1
What is the tens digit of 600936912?
1
What is the ten millions digit of 1459159678?
5
What is the millions digit of 9771539?
9
What is the units digit of 713655283?
3
What is the thousands digit of 3134275875?
5
What is the millions digit of 326122528?
6
What is the millions digit of 113303609?
3
What is the millions digit of 3306612737?
6
What is the ten millions digit of 778701666?
7
What is the millions digit of 46322073?
6
What is the ten millions digit of 293268580?
9
What is the billions digit of 6213027123?
6
What is the millions digit of 42131946?
2
What is the millions digit of 773934118?
3
What is the ten thousands digit of 669885667?
8
What is the millions digit of 1553916421?
3
What is the units digit of 41079433?
3
What is the tens digit of 50032943?
4
What is the hundred thousands digit of 40995272?
9
What is the hundred thousands digit of 107195154?
1
What is the thousands digit of 92594936?
4
What is the ten thousands digit of 18795737?
9
What is the hundred thousands digit of 136761347?
7
What is the hundred thousands digit of 3196768331?
7
What is the ten millions digit of 53129822?
5
What is the hundred thousands digit of 752114144?
1
What is the ten thousands digit of 237201658?
0
What is the hundred millions digit of 2836516641?
8
What is the millions digit of 137038285?
7
What is the ten thousands digit of 389835737?
3
What is the ten millions digit of 505793351?
0
What is the ten thousands digit of 1994234299?
3
What is the billions digit of 1699257457?
1
What is the hundreds digit of 147346375?
3
What is the thousands digit of 7626563?
6
What is the hundred millions digit of 193389956?
1
What is the ten millions digit of 6425218397?
2
What is the billions digit of 1174426259?
1
What is the hundreds digit of 1480394407?
4
What is the thousands digit of 1217115347?
5
What is the hundred millions digit of 1598177256?
5
What is the hundred thousands digit of 44444614?
4
What is the units digit of 2314594941?
1
What is the hundred thousands digit of 19391193?
3
What is the tens digit of 455258398?
9
What is the thousands digit of 299529141?
9
What is the ten millions digit of 56706126?
5
What is the units digit of 151463832?
2
What is the thousands digit of 2282789210?
9
What is the units digit of 49095826?
6
What is the billions digit of 6032144624?
6
What is the thousands digit of 140675747?
5
What is the hundreds digit of 91933149?
1
What is the hundreds digit of 2134370335?
3
What is the ten thousands digit of 219696863?
9
What is the ten thousands digit of 51611106?
1
What is the ten millions digit of 26111786?
2
What is the ten millions digit of 49822882?
4
What is the ten millions digit of 2315372385?
1
What is the units digit of 30976776?
6
What is the thousands digit of 18806152?
6
What is the hundred thousands digit of 27841445?
8
What is the units digit of 40914576?
6
What is the ten thousands digit of 88617958?
1
What is the units digit of 196593585?
5
What is the ten millions digit of 3637923001?
3
What is the thousands digit of 454527178?
7
What is the millions digit of 107828048?
7
What is the thousands digit of 3911365337?
5
What is the ten thousands digit of 40049071?
4
What is the millions digit of 42133043?
2
What is the tens digit of 2720628285?
8
What is the hundred millions digit of 4322910539?
3
What is the millions digit of 963162595?
3
What is the hundred millions digit of 781372902?
7
What is the billions digit of 1224904862?
1
What is the hundreds digit of 1449455645?
6
What is the ten millions digit of 734487247?
3
What is the units digit of 85790466?
6
What is the hundreds digit of 1255912691?
6
What is the hundred thousands digit of 849921310?
9
What is the hundred thousands digit of 47423133?
4
What is the units digit of 24233838?
8
What is the hundred millions digit of 3675235012?
6
What is the units digit of 295244527?
7
What is the hundred millions digit of 1648712487?
6
What is the hundreds digit of 44588642?
6
What is the tens digit of 540310174?
7
What is the 